e tens digit of o(-7)?
6
Let b = 9 + -9. Suppose b = 12*h - 18*h + 456. Let k = 104 - h. What is the units digit of k?
8
Suppose -96*u + 87*u - 40050 = 0. Suppose -5*w - 31 = n, -3 = 5*n + 2. What is the hundreds digit of (-5)/((-45)/w) - u/15?
2
Suppose -5*d - 4*i + 36470 = 0, -193*i = -191*i + 10. What is the units digit of d?
8
Let q(h) = -3*h**3 - 3*h**2 - 4*h - 3. Let i be q(-3). Let z(d) = -d**3 - 30*d**2 + 31*d + 4. Let t be z(-31). What is the units digit of t + -8 + i/1?
9
What is the tens digit of 46192/12*(-18)/(-24)?
8
Let n = -3030 - -7129. What is the thousands digit of n?
4
Let j = -9786 + 50066. What is the thousands digit of j?
0
Suppose 2*u - 9 = 37. Suppose -33*z + u*z = -5360. What is the tens digit of z?
3
Let r(i) = 5173*i**3 - 4*i**2 - 13*i + 38. What is the units digit of r(2)?
0
Suppose 139935 + 15987 = 39*n. Suppose -5*g + n = -3442. What is the hundreds digit of g?
4
Let i be 2 + 0 + -3 - (22 - 17). What is the tens digit of (-28)/(-7) + i + 1*712?
1
What is the tens digit of 0/(-8) + (-2)/3 + 150260/30?
0
Suppose 297 = -3*u - 27. What is the tens digit of 17/((-51)/u - 4/9)?
1
Let n = -6351 - -12552. What is the thousands digit of n?
6
Suppose 0 = -3*j - 2*w + 191, -3*j - w - 240 = -7*j. Let g = -56 + j. Suppose 198 = i + g*i. What is the tens digit of i?
3
Let b(j) = 3*j - 17 + 15*j - 29*j - 1. Suppose -i = 3*i + 76. What is the tens digit of b(i)?
9
Suppose 135366 = -34*z + 415730. What is the units digit of z?
6
Suppose 1 = -63*x + 62*x. What is the tens digit of (83/x)/(3*12/(-72))?
6
Let v(t) = -3*t**3 - 2*t**2 + 5*t + 31. Let r be v(-6). Let w = r + -63. What is the tens digit of w?
1
What is the thousands digit of ((-443760)/(-960))/((-1)/(-40))?
8
Suppose 5*z - 278 = -4*r, 2*r = -z + 92 + 44. Let k = -81 + r. What is the tens digit of 50/(-175) + (-522)/k + 1?
3
Let b be 12/3 - (-8 + -3). Let h(j) = j**3 - 16*j**2 + 48*j + 25. What is the units digit of h(b)?
0
Suppose -t + 3*k = -58858, 29872 = -t + 4*k + 88722. What is the units digit of t?
2
Let q(m) = 37*m**2 - 249*m + 14. What is the units digit of q(-25)?
4
Suppose 0 = 432*z - 446*z + 66052. What is the thousands digit of z?
4
Suppose -831*p = -b - 826*p + 12105, 2*b - 2*p - 24178 = 0. What is the ten thousands digit of b?
1
Suppose -206*y - 28*y = 39*y - 4200105. What is the tens digit of y?
8
Suppose -12*b - 1181 - 1987 = 0. Let l = b - -456. Suppose -l = 3*n - 5*n. What is the units digit of n?
6
Let o be (-4)/((110/8)/5 - 3). Suppose o*a - 210 = 13*a. What is the units digit of a?
0
Suppose -67 + 77 = -5*s, -5*s = -5*h + 57730. What is the tens digit of h?
4
Let m = 2600 + -763. What is the hundreds digit of m?
8
Let q be (-5 + 1)/8*0. Suppose -2*j - 4*x = 48 - q, 2*x + 80 = -5*j. What is the tens digit of j/(-70) + 728/10?
7
Let o be ((-7)/(-5))/((-23)/115). Let n(g) = -5*g**3 - 10*g**2 - 22*g + 15. What is the tens digit of n(o)?
9
Let o = 101799 - 67240. What is the ten thousands digit of o?
3
What is the hundreds digit of 180/30*10183/2?
5
Let k(s) = 2*s**3 - 15*s**2 - 8*s - 126. What is the tens digit of k(15)?
2
Suppose -1359*d = -1362*d + 66. Suppose d*z - 5720 = 4862. What is the hundreds digit of z?
4
Let m be 1/((7/(-21))/(2*-1)). Suppose 4*o - m = 2, -4*o = 4*d - 36. Suppose 227 = 2*q - d. What is the hundreds digit of q?
1
Let f(y) = y**2 + 6*y + 446. What is the tens digit of f(-42)?
5
Let f(w) = -70*w**2 + 50*w - 258. Let v be f(6). Let l = -1439 - v. What is the hundreds digit of l?
0
Let h(z) = z + 10. Let q be ((-3)/(-2) - 4)*(-56)/10. Let c be h(q). Suppose 28*f - 380 = c*f. What is the tens digit of f?
9
Let p = -21 - -24. Suppose 4*w = 3*j - 2*j + 1788, p*w - j - 1340 = 0. Suppose -2*q + w = -0*q + 5*a, 1103 = 5*q + 4*a. What is the tens digit of q?
1
Let r(o) = -o**3 + 9*o**2 + 10*o + 1. Let a = 27 + -20. What is the units digit of r(a)?
9
Let w(m) = -21*m - 5. Let q(f) = -2 + 6*f - 3 - 27*f. Let a(z) = -4*q(z) + 3*w(z). What is the tens digit of a(4)?
8
Let c be 115/(-690) - ((-98)/12 + 1). Suppose k - 5*w = 599, -c*w = 3*k - 4*w - 1743. What is the tens digit of k?
8
Let f = -21 + -24. Let v = 61 - f. Let n = -31 + v. What is the units digit of n?
5
Suppose 2*b - 15757 = 5*x, 161*b + 5*x = 160*b + 7841. What is the thousands digit of b?
7
Let r(f) = 101*f**2 + 43*f + 209. What is the units digit of r(-13)?
9
Suppose -2*m + 10161 = 11*w - 8*w, -2*m + 6772 = 2*w. What is the units digit of w?
9
Let d(h) = h**2 - 5*h + 5. Let b be d(-7). Suppose 2*x = -b + 325. What is the hundreds digit of x?
1
Suppose 0 = 9*v + v + 50. Let n be (v/(-15) - 0)/(1/24). Suppose -3*h - n = -17. What is the units digit of h?
3
Let n be 1 - (1/2 - (-57)/(-6)). Suppose 5*p = 2*k - 7, -5*p + n = 3*k - 13. Suppose -3*a + 234 = k. What is the units digit of a?
6
Suppose 200*i + 2097506 = 313*i. What is the ten thousands digit of i?
1
Let w be -13 + -1 + 15 + (-2 - -1). Let p = 211 - w. What is the units digit of p?
1
Let c(t) = 18*t**2 - 4 - 7*t**2 - 5 - 5 - 37*t - 54*t. What is the units digit of c(17)?
8
Let k(z) = 7*z + 5520. What is the thousands digit of k(119)?
6
Let o = -2 - 1. Suppose -2*i - 58 = y, -i + 3*y = -3*i - 58. Let z = o - i. What is the units digit of z?
6
Suppose 181*s - 182*s + 3361 = 0. What is the tens digit of s?
6
Let i(h) = h + 42. Let b(n) = 4*n**2 - 10*n + 7. Let o(z) = z**2. Let t(w) = -b(w) + 3*o(w). Let j be t(4). What is the units digit of i(j)?
9
Let c = 338 + -334. What is the tens digit of 2853/12 - (-1)/c?
3
Let f(a) be the second derivative of -a**4/12 - 13*a**3/2 - 92*a**2 - 50*a + 1. What is the tens digit of f(-29)?
0
Suppose 0 = -3*v + 2*v - 5*d + 35, v - 5*d = 45. Suppose 16*m = 6*m + v. Suppose 4*q - 475 - 81 = -m*i, -4*q = 2*i - 556. What is the tens digit of q?
3
Suppose 4*m + 44*a - 41*a - 18290 = 0, -m + 2*a = -4556. What is the units digit of m?
8
Suppose 0 = 5*n - 5*m - 25 - 30, -9 = n - 5*m. Suppose -v + n = -9. Suppose 2*h - v - 167 = 2*s, 0 = -3*s + 6. What is the tens digit of h?
9
Let a be 1108 - 10/30*-12*1. Suppose -11*y = -7*y - a. What is the units digit of y?
8
Let w(c) = c**2 + 29*c + 2. Let v be w(-29). Let p(k) = -67*k**2 - 1. Let a be p(v). Let s = a - -448. What is the tens digit of s?
7
Let r(k) = 2*k**2 - 14*k - 11. Let u be r(12). Let t = 332 - u. Suppose 4*m + 5*h - t = 0, -4*h + 3 = 7. What is the units digit of m?
7
Let z = 30096 - 19247. What is the units digit of z?
9
Suppose -21*t = 84 + 42. What is the tens digit of t/14 - (13767/(-21))/13?
5
Let q be (-3 - -6) + (7 - 2). Suppose 627 = q*l + 139. What is the tens digit of l?
6
Let c(y) be the second derivative of -y**5/10 + y**2 + 16*y. Let m be c(0). Suppose 0 = -a - 5*l + 162, 2*a + m*l - 324 = -0*l. What is the tens digit of a?
6
Suppose -v - 172 = 3*c, 2*c = -4*v + v - 124. Let q = c - -59. Suppose 2*b = -2, 0 = -6*a + 2*a + q*b + 91. What is the tens digit of a?
2
Let c(o) = 3*o**2 + 8*o + 8. Let t be c(-2). Suppose 0 = -t*j - 5*p + 1729, -2*j - p + 2177 = 3*j. What is the hundreds digit of j?
4
Suppose 0 = 2*a - 3*y - 34 - 1, -a + 31 = 3*y. What is the units digit of (-129)/(((-6)/a - -3) + -3)?
3
Suppose -s - 2*v = 8, 2*s + 17*v = 19*v + 14. Suppose 1547 + 441 = s*w. What is the hundreds digit of w?
9
What is the units digit of (-36)/(-252)*(112464 - -5)?
7
Let x be (5/(-3))/((-55)/16005). Let q = -158 + x. What is the units digit of q?
7
Let m = 737 + -737. Suppose m = 2*i + 5*s - 1771, -2*i + 4*s + 1795 = s. What is the units digit of i?
3
Let n = 15193 - 8994. What is the hundreds digit of n?
1
Let p(a) = a**3 - 23*a**2 - 27*a + 23. Let y be p(24). Let d = 48 + y. What is the units digit of 623/6 + d + (-3)/(-18)?
3
Let v be (-4 - -1)/((49/(-2569))/(-7)). Let w = -661 - v. What is the tens digit of w?
4
Let q = 75279 + -10683. What is the hundreds digit of q?
5
What is the thousands digit of ((-312)/(-132))/13 + (-389990)/(-22)?
7
What is the units digit of ((-1)/(-2))/((-5*(-3)/3110)/3)?
1
Let r(m) be the second derivative of -42*m**3 - 113*m**2/2 - 200*m. What is the units digit of r(-6)?
9
Let z = 606 - 606. Suppose -5*s + w + 3301 = z, 5*w = 2*s - s - 641. What is the tens digit of s?
6
Let b(d) be the second derivative of -d**3/2 + 45*d**2/2 - d - 2. What is the tens digit of b(-8)?
6
Let w = 99 - 100. What is t